{"id":139,"date":"2014-11-05T20:51:00","date_gmt":"2014-11-05T18:51:00","guid":{"rendered":"http:\/\/ozenozkaya.com\/blog\/?page_id=139"},"modified":"2016-06-29T11:05:15","modified_gmt":"2016-06-29T08:05:15","slug":"icerik-listesi","status":"publish","type":"page","link":"http:\/\/ozenozkaya.com\/blog\/","title":{"rendered":"\u0130\u00e7erik Listesi"},"content":{"rendered":"<p>Merhabalar,<\/p>\n<p>Yaz\u0131 dizilerinin do\u011fru s\u0131ra ile takip edilebilmesi amac\u0131yla i\u00e7erik listesinin faydal\u0131 olaca\u011f\u0131n\u0131 d\u00fc\u015f\u00fcnd\u00fcm. Bu sayfada yaz\u0131 dizilerinin s\u0131ral\u0131 ba\u011flant\u0131lar\u0131 yer alacakt\u0131r.<\/p>\n<div class=\"su-box su-box-style-default\" id=\"\" style=\"border-color:#000000;border-radius:3px;\"><div class=\"su-box-title\" style=\"background-color:#333333;color:#FFFFFF;border-top-left-radius:1px;border-top-right-radius:1px\">\u0130\u00e7erik Listesi<\/div><div class=\"su-box-content su-u-clearfix su-u-trim\" style=\"border-bottom-left-radius:1px;border-bottom-right-radius:1px\">\n<p>&nbsp;<\/p>\n<p><strong>G\u00f6m\u00fcl\u00fc Sistemler<\/strong><\/p>\n<p>G\u00f6m\u00fcl\u00fc sistemlerde sistematik olarak uzmanla\u015fabilmek i\u00e7in bir miktar donan\u0131m bilgisi zorunludur. Benzer \u015fekilde ger\u00e7ek anlamda \u00f6nem arzeden ve genelde zor olan \u015feyleri \u00f6\u011frenebilmek i\u00e7in sab\u0131r gereklidir. L\u00fctfen bilmedi\u011finiz yerleri sab\u0131rla inceleyiniz, bildi\u011finiz yerleri s\u00fcratle ge\u00e7iniz. Her bir yaz\u0131ya a\u015fa\u011f\u0131dan ula\u015fabilirsiniz.<\/p>\n<div class=\"su-spoiler su-spoiler-style-fancy su-spoiler-icon-plus su-spoiler-closed\" data-scroll-offset=\"0\" data-anchor-in-url=\"no\"><div class=\"su-spoiler-title\" tabindex=\"0\" role=\"button\"><span class=\"su-spoiler-icon\"><\/span>Temel Elektronik<\/div><div class=\"su-spoiler-content su-u-clearfix su-u-trim\">\n<p>TEMEL ELEKTRON\u0130K B\u0130LG\u0130S\u0130<\/p>\n<ol>\n<li><a href=\"http:\/\/ozenozkaya.com\/blog\/?p=22\" target=\"_blank\">Giri\u015f: 4N<\/a><\/li>\n<li><a href=\"http:\/\/ozenozkaya.com\/blog\/?p=31\" target=\"_blank\">Temel Elektronik Tan\u0131t\u0131m\u0131<\/a><\/li>\n<li><a href=\"http:\/\/ozenozkaya.com\/blog\/?p=63\" target=\"_blank\">Temel Elektronik Bilgisi<\/a><\/li>\n<li><a href=\"http:\/\/ozenozkaya.com\/blog\/?p=76\" target=\"_blank\">Diyotlar<\/a><\/li>\n<li><a href=\"http:\/\/ozenozkaya.com\/blog\/?p=86\" target=\"_blank\">Transist\u00f6rler<\/a><\/li>\n<li><a href=\"http:\/\/ozenozkaya.com\/blog\/?p=93\" target=\"_blank\">DC G\u00fc\u00e7 Kaynaklar\u0131<\/a><\/li>\n<li><a href=\"http:\/\/ozenozkaya.com\/blog\/?p=111\" target=\"_blank\">Boole Cebri<\/a><\/li>\n<li><a href=\"http:\/\/ozenozkaya.com\/blog\/?p=113\" target=\"_blank\">Boole Cebrine Sadele\u015ftirmeler\u00a0<\/a><\/li>\n<li><a href=\"http:\/\/ozenozkaya.com\/blog\/?p=130\" target=\"_blank\">Say\u0131sal Entegreler<\/a><\/li>\n<li><a href=\"http:\/\/ozenozkaya.com\/blog\/?p=133\" target=\"_blank\">Say\u0131sal Tasar\u0131m Temelleri<\/a><\/li>\n<li><a href=\"http:\/\/ozenozkaya.com\/blog\/?p=136\" target=\"_blank\">Mikrokontrol\u00f6r I\/O Modlar\u0131<\/a><\/li>\n<\/ol>\n<\/div><\/div>\n<div class=\"su-spoiler su-spoiler-style-fancy su-spoiler-icon-plus su-spoiler-closed\" data-scroll-offset=\"0\" data-anchor-in-url=\"no\"><div class=\"su-spoiler-title\" tabindex=\"0\" role=\"button\"><span class=\"su-spoiler-icon\"><\/span>\u0130leri C Programlama<\/div><div class=\"su-spoiler-content su-u-clearfix su-u-trim\">\n<p>\u0130leri C Programlama ve G\u00f6m\u00fcl\u00fc C (Embedded C)<\/p>\n<ol>\n<li><a href=\"http:\/\/ozenozkaya.com\/blog\/?p=154\">G\u00f6m\u00fcl\u00fc Programlama Yol Haritas\u0131<\/a><\/li>\n<li><a href=\"http:\/\/ozenozkaya.com\/blog\/?p=172\" target=\"_blank\">Ezber Bozan Merhaba D\u00fcnya<\/a><\/li>\n<li><a href=\"http:\/\/ozenozkaya.com\/blog\/?p=186\" target=\"_blank\">Veri Tipleri, De\u011fi\u015fkenler ve \u0130simlendirme<\/a><\/li>\n<li><a href=\"http:\/\/ozenozkaya.com\/blog\/?p=198\" target=\"_blank\">Sabitler ve Yorumlar<\/a><\/li>\n<li><a href=\"http:\/\/ozenozkaya.com\/blog\/?p=220\" target=\"_blank\">Operat\u00f6rler<\/a><\/li>\n<li><a href=\"http:\/\/ozenozkaya.com\/blog\/?p=245\" target=\"_blank\">Kaynak\/Ba\u015fl\u0131k Dosya\u00a0Format\u0131<\/a><\/li>\n<li><a href=\"http:\/\/ozenozkaya.com\/blog\/?p=248\" target=\"_blank\">Fonksiyonlarda Temiz Kodlama<\/a><\/li>\n<li><a href=\"http:\/\/ozenozkaya.com\/blog\/?p=255\" target=\"_blank\">Ko\u015fullamalar<\/a><\/li>\n<li><a href=\"http:\/\/ozenozkaya.com\/blog\/?p=263\" target=\"_blank\">Ko\u015fullamalar 2<\/a><\/li>\n<li><a href=\"http:\/\/ozenozkaya.com\/blog\/?p=275\" target=\"_blank\">Etiketler ve Makrolar<\/a><\/li>\n<li><a href=\"http:\/\/ozenozkaya.com\/blog\/?p=282\" target=\"_blank\">D\u00f6ng\u00fcler<\/a><\/li>\n<li><a href=\"http:\/\/ozenozkaya.com\/blog\/?p=286\" target=\"_blank\">Yap\u0131lar<\/a><\/li>\n<li><a href=\"http:\/\/ozenozkaya.com\/blog\/?p=294\" target=\"_blank\">\u0130\u015faret\u00e7iler<\/a><\/li>\n<li><a href=\"http:\/\/ozenozkaya.com\/blog\/?p=305\" target=\"_blank\">\u0130\u015faret\u00e7iler 2<\/a><\/li>\n<\/ol>\n<\/div><\/div>\n<div class=\"su-spoiler su-spoiler-style-fancy su-spoiler-icon-plus su-spoiler-closed\" data-scroll-offset=\"0\" data-anchor-in-url=\"no\"><div class=\"su-spoiler-title\" tabindex=\"0\" role=\"button\"><span class=\"su-spoiler-icon\"><\/span>PIC Programlama<\/div><div class=\"su-spoiler-content su-u-clearfix su-u-trim\">\n<p>PIC PROGRAMLAMA<\/p>\n<ol>\n<li><a href=\"http:\/\/ozenozkaya.com\/blog\/?p=369\" target=\"_blank\">Girizgah<\/a><\/li>\n<li><a href=\"http:\/\/ozenozkaya.com\/blog\/?p=378\" target=\"_blank\">Merhaba PIC16<\/a><\/li>\n<li><a href=\"http:\/\/ozenozkaya.com\/blog\/?p=403\" target=\"_blank\">Merhaba PIC16 Analizi<\/a><\/li>\n<li><a href=\"http:\/\/ozenozkaya.com\/blog\/?p=414\" target=\"_blank\">Giri\u015f \u00c7\u0131k\u0131\u015f \u0130\u015flemleri<\/a><\/li>\n<li><a href=\"http:\/\/ozenozkaya.com\/blog\/?p=422\" target=\"_blank\">Giri\u015f \u00c7\u0131k\u0131\u015f \u0130\u015flemleri 2<\/a><\/li>\n<li><a href=\"http:\/\/ozenozkaya.com\/blog\/?p=432\" target=\"_blank\">Kesmeler &#8211; RB0\/INT Kesmesi<\/a><\/li>\n<li><a href=\"http:\/\/ozenozkaya.com\/blog\/?p=457\" target=\"_blank\">Kesmeler 2- PORTB Kesmesi<\/a><\/li>\n<li><a href=\"http:\/\/ozenozkaya.com\/blog\/?p=470\" target=\"_blank\">Zamanlay\u0131c\u0131lar- TIMER0 Kesmesi<\/a><\/li>\n<li><a href=\"http:\/\/ozenozkaya.com\/blog\/?p=523\" target=\"_blank\">Zamanlay\u0131c\u0131lar 2- TIMER0 ile PWM<\/a><\/li>\n<li><a href=\"http:\/\/ozenozkaya.com\/blog\/?p=538\">EEPROM<\/a><\/li>\n<li><a href=\"http:\/\/ozenozkaya.com\/blog\/?p=565\">USART<\/a><\/li>\n<\/ol>\n<\/div><\/div>\n<div class=\"su-spoiler su-spoiler-style-fancy su-spoiler-icon-plus su-spoiler-closed\" data-scroll-offset=\"0\" data-anchor-in-url=\"no\"><div class=\"su-spoiler-title\" tabindex=\"0\" role=\"button\"><span class=\"su-spoiler-icon\"><\/span>Haberle\u015fme<\/div><div class=\"su-spoiler-content su-u-clearfix su-u-trim\">\n<p>G\u00d6M\u00dcL\u00dc HABERLE\u015eME<\/p>\n<ul>\n<li><a href=\"http:\/\/ozenozkaya.com\/blog\/?p=346\" target=\"_blank\">XBee Kullan\u0131m\u0131<\/a><\/li>\n<\/ul>\n<\/div><\/div>\n<span id=\"su_tooltip_69ec0c09b4a04_button\" class=\"su-tooltip-button su-tooltip-button-outline-yes\" aria-describedby=\"su_tooltip_69ec0c09b4a04\" data-settings='{\"position\":\"top\",\"behavior\":\"hover\",\"hideDelay\":0}' tabindex=\"0\">Buraya yaz\u0131lar eklenecektir.<\/span><span style=\"display:none;z-index:100\" id=\"su_tooltip_69ec0c09b4a04\" class=\"su-tooltip\" role=\"tooltip\"><span class=\"su-tooltip-inner su-tooltip-shadow-no\" style=\"z-index:100;background:#FFFFFF;color:#454545;font-size:16px;border-radius:5px;text-align:left;max-width:300px;line-height:1.25\"><span class=\"su-tooltip-title\"><\/span><span class=\"su-tooltip-content su-u-trim\">Dikkat<\/span><\/span><span id=\"su_tooltip_69ec0c09b4a04_arrow\" class=\"su-tooltip-arrow\" style=\"z-index:100;background:#FFFFFF\" data-popper-arrow><\/span><\/span>\n<p>&nbsp;<\/p>\n<div class=\"su-spoiler su-spoiler-style-fancy su-spoiler-icon-plus su-spoiler-closed\" data-scroll-offset=\"0\" data-anchor-in-url=\"no\"><div class=\"su-spoiler-title\" tabindex=\"0\" role=\"button\"><span class=\"su-spoiler-icon\"><\/span>Seyahat Rehberleri<\/div><div class=\"su-spoiler-content su-u-clearfix su-u-trim\">\n<ul>\n<li><a href=\"http:\/\/ozenozkaya.com\/blog\/?p=365\" target=\"_blank\">Stockholm Gezi Rehberi<\/a><\/li>\n<\/ul>\n<\/div><\/div>\n<\/div><\/div>\n<p>&nbsp;<\/p>\n","protected":false},"excerpt":{"rendered":"<p>Merhabalar, Yaz\u0131 dizilerinin do\u011fru s\u0131ra ile takip edilebilmesi amac\u0131yla i\u00e7erik listesinin faydal\u0131 olaca\u011f\u0131n\u0131 d\u00fc\u015f\u00fcnd\u00fcm. Bu sayfada yaz\u0131 dizilerinin s\u0131ral\u0131 ba\u011flant\u0131lar\u0131 yer alacakt\u0131r. &nbsp;<\/p>\n","protected":false},"author":1,"featured_media":0,"parent":0,"menu_order":0,"comment_status":"open","ping_status":"open","template":"","meta":{"_tr_post_content":"Merhabalar,\r\n\r\nYaz\u0131 dizilerinin do\u011fru s\u0131ra ile takip edilebilmesi amac\u0131yla i\u00e7erik listesinin faydal\u0131 olaca\u011f\u0131n\u0131 d\u00fc\u015f\u00fcnd\u00fcm. Bu sayfada yaz\u0131 dizilerinin s\u0131ral\u0131 ba\u011flant\u0131lar\u0131 yer alacakt\u0131r.\r\n\r\n[su_box title=\"\u0130\u00e7erik Listesi\" ]\r\n\r\n&nbsp;\r\n\r\n<strong>G\u00f6m\u00fcl\u00fc Sistemler<\/strong>\r\n\r\nG\u00f6m\u00fcl\u00fc sistemlerde sistematik olarak uzmanla\u015fabilmek i\u00e7in bir miktar donan\u0131m bilgisi zorunludur. Benzer \u015fekilde ger\u00e7ek anlamda \u00f6nem arzeden ve genelde zor olan \u015feyleri \u00f6\u011frenebilmek i\u00e7in sab\u0131r gereklidir. L\u00fctfen bilmedi\u011finiz yerleri sab\u0131rla inceleyiniz, bildi\u011finiz yerleri s\u00fcratle ge\u00e7iniz. Her bir yaz\u0131ya a\u015fa\u011f\u0131dan ula\u015fabilirsiniz.\r\n\r\n[su_spoiler title=\"Temel Elektronik\" style=\"fancy\"\u00a0]\r\n\r\nTEMEL ELEKTRON\u0130K B\u0130LG\u0130S\u0130\r\n<ol>\r\n \t<li><a href=\"http:\/\/ozenozkaya.com\/blog\/?p=22\" target=\"_blank\">Giri\u015f: 4N<\/a><\/li>\r\n \t<li><a href=\"http:\/\/ozenozkaya.com\/blog\/?p=31\" target=\"_blank\">Temel Elektronik Tan\u0131t\u0131m\u0131<\/a><\/li>\r\n \t<li><a href=\"http:\/\/ozenozkaya.com\/blog\/?p=63\" target=\"_blank\">Temel Elektronik Bilgisi<\/a><\/li>\r\n \t<li><a href=\"http:\/\/ozenozkaya.com\/blog\/?p=76\" target=\"_blank\">Diyotlar<\/a><\/li>\r\n \t<li><a href=\"http:\/\/ozenozkaya.com\/blog\/?p=86\" target=\"_blank\">Transist\u00f6rler<\/a><\/li>\r\n \t<li><a href=\"http:\/\/ozenozkaya.com\/blog\/?p=93\" target=\"_blank\">DC G\u00fc\u00e7 Kaynaklar\u0131<\/a><\/li>\r\n \t<li><a href=\"http:\/\/ozenozkaya.com\/blog\/?p=111\" target=\"_blank\">Boole Cebri<\/a><\/li>\r\n \t<li><a href=\"http:\/\/ozenozkaya.com\/blog\/?p=113\" target=\"_blank\">Boole Cebrine Sadele\u015ftirmeler\u00a0<\/a><\/li>\r\n \t<li><a href=\"http:\/\/ozenozkaya.com\/blog\/?p=130\" target=\"_blank\">Say\u0131sal Entegreler<\/a><\/li>\r\n \t<li><a href=\"http:\/\/ozenozkaya.com\/blog\/?p=133\" target=\"_blank\">Say\u0131sal Tasar\u0131m Temelleri<\/a><\/li>\r\n \t<li><a href=\"http:\/\/ozenozkaya.com\/blog\/?p=136\" target=\"_blank\">Mikrokontrol\u00f6r I\/O Modlar\u0131<\/a><\/li>\r\n<\/ol>\r\n[\/su_spoiler]\r\n\r\n[su_spoiler title=\"\u0130leri C Programlama\" style=\"fancy\"\u00a0]\r\n\r\n\u0130leri C Programlama ve G\u00f6m\u00fcl\u00fc C (Embedded C)\r\n<ol>\r\n \t<li><a href=\"http:\/\/ozenozkaya.com\/blog\/?p=154\">G\u00f6m\u00fcl\u00fc Programlama Yol Haritas\u0131<\/a><\/li>\r\n \t<li><a href=\"http:\/\/ozenozkaya.com\/blog\/?p=172\" target=\"_blank\">Ezber Bozan Merhaba D\u00fcnya<\/a><\/li>\r\n \t<li><a href=\"http:\/\/ozenozkaya.com\/blog\/?p=186\" target=\"_blank\">Veri Tipleri, De\u011fi\u015fkenler ve \u0130simlendirme<\/a><\/li>\r\n \t<li><a href=\"http:\/\/ozenozkaya.com\/blog\/?p=198\" target=\"_blank\">Sabitler ve Yorumlar<\/a><\/li>\r\n \t<li><a href=\"http:\/\/ozenozkaya.com\/blog\/?p=220\" target=\"_blank\">Operat\u00f6rler<\/a><\/li>\r\n \t<li><a href=\"http:\/\/ozenozkaya.com\/blog\/?p=245\" target=\"_blank\">Kaynak\/Ba\u015fl\u0131k Dosya\u00a0Format\u0131<\/a><\/li>\r\n \t<li><a href=\"http:\/\/ozenozkaya.com\/blog\/?p=248\" target=\"_blank\">Fonksiyonlarda Temiz Kodlama<\/a><\/li>\r\n \t<li><a href=\"http:\/\/ozenozkaya.com\/blog\/?p=255\" target=\"_blank\">Ko\u015fullamalar<\/a><\/li>\r\n \t<li><a href=\"http:\/\/ozenozkaya.com\/blog\/?p=263\" target=\"_blank\">Ko\u015fullamalar 2<\/a><\/li>\r\n \t<li><a href=\"http:\/\/ozenozkaya.com\/blog\/?p=275\" target=\"_blank\">Etiketler ve Makrolar<\/a><\/li>\r\n \t<li><a href=\"http:\/\/ozenozkaya.com\/blog\/?p=282\" target=\"_blank\">D\u00f6ng\u00fcler<\/a><\/li>\r\n \t<li><a href=\"http:\/\/ozenozkaya.com\/blog\/?p=286\" target=\"_blank\">Yap\u0131lar<\/a><\/li>\r\n \t<li><a href=\"http:\/\/ozenozkaya.com\/blog\/?p=294\" target=\"_blank\">\u0130\u015faret\u00e7iler<\/a><\/li>\r\n \t<li><a href=\"http:\/\/ozenozkaya.com\/blog\/?p=305\" target=\"_blank\">\u0130\u015faret\u00e7iler 2<\/a><\/li>\r\n<\/ol>\r\n[\/su_spoiler]\r\n\r\n[su_spoiler title=\"PIC Programlama\" style=\"fancy\"\u00a0]\r\n\r\nPIC PROGRAMLAMA\r\n<ol>\r\n \t<li><a href=\"http:\/\/ozenozkaya.com\/blog\/?p=369\" target=\"_blank\">Girizgah<\/a><\/li>\r\n \t<li><a href=\"http:\/\/ozenozkaya.com\/blog\/?p=378\" target=\"_blank\">Merhaba PIC16<\/a><\/li>\r\n \t<li><a href=\"http:\/\/ozenozkaya.com\/blog\/?p=403\" target=\"_blank\">Merhaba PIC16 Analizi<\/a><\/li>\r\n \t<li><a href=\"http:\/\/ozenozkaya.com\/blog\/?p=414\" target=\"_blank\">Giri\u015f \u00c7\u0131k\u0131\u015f \u0130\u015flemleri<\/a><\/li>\r\n \t<li><a href=\"http:\/\/ozenozkaya.com\/blog\/?p=422\" target=\"_blank\">Giri\u015f \u00c7\u0131k\u0131\u015f \u0130\u015flemleri 2<\/a><\/li>\r\n \t<li><a href=\"http:\/\/ozenozkaya.com\/blog\/?p=432\" target=\"_blank\">Kesmeler - RB0\/INT Kesmesi<\/a><\/li>\r\n \t<li><a href=\"http:\/\/ozenozkaya.com\/blog\/?p=457\" target=\"_blank\">Kesmeler 2- PORTB Kesmesi<\/a><\/li>\r\n \t<li><a href=\"http:\/\/ozenozkaya.com\/blog\/?p=470\" target=\"_blank\">Zamanlay\u0131c\u0131lar- TIMER0 Kesmesi<\/a><\/li>\r\n \t<li><a href=\"http:\/\/ozenozkaya.com\/blog\/?p=523\" target=\"_blank\">Zamanlay\u0131c\u0131lar 2- TIMER0 ile PWM<\/a><\/li>\r\n \t<li><a href=\"http:\/\/ozenozkaya.com\/blog\/?p=538\">EEPROM<\/a><\/li>\r\n \t<li><a href=\"http:\/\/ozenozkaya.com\/blog\/?p=565\">USART<\/a><\/li>\r\n<\/ol>\r\n[\/su_spoiler]\r\n\r\n[su_spoiler title=\"Haberle\u015fme\" style=\"fancy\"]\r\n\r\nG\u00d6M\u00dcL\u00dc HABERLE\u015eME\r\n<ul>\r\n \t<li><a href=\"http:\/\/ozenozkaya.com\/blog\/?p=346\" target=\"_blank\">XBee Kullan\u0131m\u0131<\/a><\/li>\r\n<\/ul>\r\n[\/su_spoiler]\r\n\r\n[su_tooltip style=\"light\" position=\"north\" content=\"Dikkat\"]Buraya yaz\u0131lar eklenecektir.[\/su_tooltip]\r\n\r\n&nbsp;\r\n\r\n[su_spoiler title=\"Seyahat Rehberleri\" style=\"fancy\"\u00a0]\r\n<ul>\r\n \t<li><a href=\"http:\/\/ozenozkaya.com\/blog\/?p=365\" target=\"_blank\">Stockholm Gezi Rehberi<\/a><\/li>\r\n<\/ul>\r\n[\/su_spoiler]\r\n\r\n[\/su_box]\r\n\r\n&nbsp;","_tr_post_name":"icerik-listesi","_tr_post_excerpt":"","_tr_post_title":"\u0130\u00e7erik Listesi","_en_post_content":"Hello,\r\n\r\nTo be able to follow my blog posts with a proper order I think that a content list would be very useful. Here in this page you can find the blog posts with the right order.\r\n\r\n[su_box title=\"Content List\" ]\r\n\r\n<strong>Embedded Systems<\/strong>\r\n\r\nMastering in Embedded Systems require some sort of hardware knowledge. Similarly, we need patience and will power to be able to learn things which are matter of it and hard in their nature. Please read carefully and analyse the parts you don't know and please fastly skip the parts you already know.\r\n\r\n[su_spoiler title=\"Basics of Electronics\" style=\"fancy\"\u00a0]\r\n\r\nBASICS OF ELECTRONICS\r\n<ol>\r\n \t<li><a href=\"http:\/\/ozenozkaya.com\/blog\/?p=22\" target=\"_blank\">Introduction<\/a><\/li>\r\n \t<li><a href=\"http:\/\/ozenozkaya.com\/blog\/?p=31\" target=\"_blank\">Basics of Electronics Intro<\/a><\/li>\r\n \t<li><a href=\"http:\/\/ozenozkaya.com\/blog\/?p=63\" target=\"_blank\">Basics of Electronics<\/a><\/li>\r\n \t<li><a href=\"http:\/\/ozenozkaya.com\/blog\/?p=76\" target=\"_blank\">Diodes<\/a><\/li>\r\n \t<li><a href=\"http:\/\/ozenozkaya.com\/blog\/?p=86\" target=\"_blank\">Transistors<\/a><\/li>\r\n \t<li><a href=\"http:\/\/ozenozkaya.com\/blog\/?p=93\" target=\"_blank\">DC Power Sources<\/a><\/li>\r\n \t<li><a href=\"http:\/\/ozenozkaya.com\/blog\/?p=111\" target=\"_blank\">Boolean Math<\/a><\/li>\r\n \t<li><a href=\"http:\/\/ozenozkaya.com\/blog\/?p=113\" target=\"_blank\">Boolean Simplifications<\/a><\/li>\r\n \t<li><a href=\"http:\/\/ozenozkaya.com\/blog\/?p=130\" target=\"_blank\">Digital ICs<\/a><\/li>\r\n \t<li><a href=\"http:\/\/ozenozkaya.com\/blog\/?p=133\" target=\"_blank\">Basics of Digital Design<\/a><\/li>\r\n \t<li><a href=\"http:\/\/ozenozkaya.com\/blog\/?p=136\" target=\"_blank\">Microcontroller I\/O Modes<\/a><\/li>\r\n<\/ol>\r\n[\/su_spoiler]\r\n\r\n[su_spoiler title=\"Advanced C Programming\" style=\"fancy\"\u00a0]\r\n\r\nAdvanced C Programming\r\n<ol>\r\n \t<li><a href=\"http:\/\/ozenozkaya.com\/blog\/?p=154\">Roadmap<\/a><\/li>\r\n \t<li><a href=\"http:\/\/ozenozkaya.com\/blog\/?p=172\" target=\"_blank\">Frame Braking \"Hello World\"<\/a><\/li>\r\n \t<li><a href=\"http:\/\/ozenozkaya.com\/blog\/?p=186\" target=\"_blank\">Data Types, Variables and Naming<\/a><\/li>\r\n \t<li><a href=\"http:\/\/ozenozkaya.com\/blog\/?p=198\" target=\"_blank\">Constants and Comments<\/a><\/li>\r\n \t<li><a href=\"http:\/\/ozenozkaya.com\/blog\/?p=220\" target=\"_blank\">Operators<\/a><\/li>\r\n \t<li><a href=\"http:\/\/ozenozkaya.com\/blog\/?p=245\" target=\"_blank\">File Format<\/a><\/li>\r\n \t<li><a href=\"http:\/\/ozenozkaya.com\/blog\/?p=248\" target=\"_blank\">Clean Coding<\/a><\/li>\r\n \t<li><a href=\"http:\/\/ozenozkaya.com\/blog\/?p=255\" target=\"_blank\">Conditionals<\/a><\/li>\r\n \t<li><a href=\"http:\/\/ozenozkaya.com\/blog\/?p=263\" target=\"_blank\">Conditionals 2<\/a><\/li>\r\n \t<li><a href=\"http:\/\/ozenozkaya.com\/blog\/?p=275\" target=\"_blank\">Defines\/Macros<\/a><\/li>\r\n \t<li><a href=\"http:\/\/ozenozkaya.com\/blog\/?p=282\" target=\"_blank\">Loops<\/a><\/li>\r\n \t<li><a href=\"http:\/\/ozenozkaya.com\/blog\/?p=286\" target=\"_blank\">Structs\/Enums\/Unions<\/a><\/li>\r\n \t<li><a href=\"http:\/\/ozenozkaya.com\/blog\/?p=294\" target=\"_blank\">Pointers<\/a><\/li>\r\n \t<li><a href=\"http:\/\/ozenozkaya.com\/blog\/?p=305\" target=\"_blank\">Pointers 2<\/a><\/li>\r\n<\/ol>\r\n[\/su_spoiler]\r\n\r\n[su_spoiler title=\"PIC Programing\" style=\"fancy\"\u00a0]\r\n\r\nPIC\u00a0PROGRAMMING\r\n<ol>\r\n \t<li><a href=\"http:\/\/ozenozkaya.com\/blog\/?p=369\" target=\"_blank\">Intro<\/a><\/li>\r\n \t<li><a href=\"http:\/\/ozenozkaya.com\/blog\/?p=378\" target=\"_blank\">Hello PIC16<\/a><\/li>\r\n \t<li><a href=\"http:\/\/ozenozkaya.com\/blog\/?p=403\" target=\"_blank\">Analysis of Hello PIC16<\/a><\/li>\r\n \t<li><a href=\"http:\/\/ozenozkaya.com\/blog\/?p=414\" target=\"_blank\">Input\/Output Operations<\/a><\/li>\r\n \t<li><a href=\"http:\/\/ozenozkaya.com\/blog\/?p=422\" target=\"_blank\">Input\/Output Operations 2<\/a><\/li>\r\n \t<li><a href=\"http:\/\/ozenozkaya.com\/blog\/?p=432\" target=\"_blank\">Interrupts- RB0\/INT Interrupt<\/a><\/li>\r\n \t<li><a href=\"http:\/\/ozenozkaya.com\/blog\/?p=457\" target=\"_blank\">Interrupts 2- PORTB Interrupt<\/a><\/li>\r\n \t<li><a href=\"http:\/\/ozenozkaya.com\/blog\/?p=470\" target=\"_blank\">Timers - TIMER0 Interrupt<\/a><\/li>\r\n \t<li><a href=\"http:\/\/ozenozkaya.com\/blog\/?p=523\" target=\"_blank\">Timers- TIMER0 Simple PWM<\/a><\/li>\r\n \t<li><a href=\"http:\/\/ozenozkaya.com\/blog\/?p=538\">EEPROM<\/a><\/li>\r\n \t<li><a href=\"http:\/\/ozenozkaya.com\/blog\/?p=565\">USART<\/a><\/li>\r\n<\/ol>\r\n[\/su_spoiler]\r\n\r\n[su_spoiler title=\"Communications\" style=\"fancy\"]\r\n\r\nEMBEDDED COMMUNICATIONS\r\n<ul>\r\n \t<li><a href=\"http:\/\/ozenozkaya.com\/blog\/?p=346\" target=\"_blank\">XBee Usage<\/a><\/li>\r\n<\/ul>\r\n[\/su_spoiler]\r\n\r\n[su_tooltip style=\"light\" position=\"north\" content=\"Dikkat\"]To be continued.[\/su_tooltip]\r\n\r\n[su_spoiler title=\"Travel Guidelines\" style=\"fancy\"\u00a0]\r\n<ul>\r\n \t<li><a href=\"http:\/\/ozenozkaya.com\/blog\/?p=365\" target=\"_blank\">Stockholm Travel Guideline<\/a><\/li>\r\n<\/ul>\r\n[\/su_spoiler]\r\n\r\n[\/su_box]","_en_post_name":"content-list","_en_post_excerpt":"","_en_post_title":"Content List","edit_language":"tr","jetpack_post_was_ever_published":false,"footnotes":""},"class_list":["post-139","page","type-page","status-publish","hentry"],"jetpack_sharing_enabled":true,"jetpack_shortlink":"https:\/\/wp.me\/P5gWM6-2f","jetpack-related-posts":[],"_links":{"self":[{"href":"http:\/\/ozenozkaya.com\/blog\/index.php?rest_route=\/wp\/v2\/pages\/139","targetHints":{"allow":["GET"]}}],"collection":[{"href":"http:\/\/ozenozkaya.com\/blog\/index.php?rest_route=\/wp\/v2\/pages"}],"about":[{"href":"http:\/\/ozenozkaya.com\/blog\/index.php?rest_route=\/wp\/v2\/types\/page"}],"author":[{"embeddable":true,"href":"http:\/\/ozenozkaya.com\/blog\/index.php?rest_route=\/wp\/v2\/users\/1"}],"replies":[{"embeddable":true,"href":"http:\/\/ozenozkaya.com\/blog\/index.php?rest_route=%2Fwp%2Fv2%2Fcomments&post=139"}],"version-history":[{"count":13,"href":"http:\/\/ozenozkaya.com\/blog\/index.php?rest_route=\/wp\/v2\/pages\/139\/revisions"}],"predecessor-version":[{"id":584,"href":"http:\/\/ozenozkaya.com\/blog\/index.php?rest_route=\/wp\/v2\/pages\/139\/revisions\/584"}],"wp:attachment":[{"href":"http:\/\/ozenozkaya.com\/blog\/index.php?rest_route=%2Fwp%2Fv2%2Fmedia&parent=139"}],"curies":[{"name":"wp","href":"https:\/\/api.w.org\/{rel}","templated":true}]}}